 by 25?
3
Calculate the remainder when 355 is divided by 131.
93
What is the remainder when 321 is divided by 149?
23
Calculate the remainder when 75 is divided by 23.
6
Calculate the remainder when 480 is divided by 7.
4
Calculate the remainder when 4496 is divided by 26.
24
Calculate the remainder when 605 is divided by 37.
13
What is the remainder when 163 is divided by 53?
4
Calculate the remainder when 294 is divided by 56.
14
Calculate the remainder when 1331 is divided by 64.
51
What is the remainder when 14 is divided by 12?
2
What is the remainder when 412 is divided by 61?
46
Calculate the remainder when 51700 is divided by 13.
12
What is the remainder when 658 is divided by 24?
10
What is the remainder when 115 is divided by 52?
11
Calculate the remainder when 534 is divided by 8.
6
What is the remainder when 180 is divided by 50?
30
Calculate the remainder when 93 is divided by 23.
1
Calculate the remainder when 2083 is divided by 32.
3
What is the remainder when 105 is divided by 77?
28
Calculate the remainder when 37 is divided by 13.
11
What is the remainder when 2986 is divided by 49?
46
Calculate the remainder when 38 is divided by 14.
10
Calculate the remainder when 240 is divided by 56.
16
Calculate the remainder when 9442 is divided by 30.
22
Calculate the remainder when 179 is divided by 48.
35
Calculate the remainder when 14 is divided by 3.
2
Calculate the remainder when 71 is divided by 15.
11
Calculate the remainder when 9245 is divided by 162.
11
Calculate the remainder when 508 is divided by 257.
251
What is the remainder when 19 is divided by 3?
1
Calculate the remainder when 89 is divided by 9.
8
What is the remainder when 180 is divided by 23?
19
Calculate the remainder when 553 is divided by 111.
109
What is the remainder when 35 is divided by 26?
9
What is the remainder when 665 is divided by 37?
36
Calculate the remainder when 186 is divided by 6.
0
Calculate the remainder when 1991 is divided by 1.
0
Calculate the remainder when 252 is divided by 48.
12
What is the remainder when 86 is divided by 9?
5
Calculate the remainder when 10316 is divided by 7.
5
What is the remainder when 371 is divided by 77?
63
What is the remainder when 1328 is divided by 54?
32
Calculate the remainder when 2050 is divided by 406.
20
What is the remainder when 349 is divided by 41?
21
Calculate the remainder when 91 is divided by 44.
3
What is the remainder when 844 is divided by 278?
10
What is the remainder when 89 is divided by 81?
8
Calculate the remainder when 456 is divided by 95.
76
Calculate the remainder when 12997 is divided by 52.
49
Calculate the remainder when 592 is divided by 86.
76
What is the remainder when 147 is divided by 8?
3
What is the remainder when 166 is divided by 60?
46
What is the remainder when 3340 is divided by 13?
12
Calculate the remainder when 319 is divided by 10.
9
Calculate the remainder when 407 is divided by 36.
11
Calculate the remainder when 735 is divided by 46.
45
What is the remainder when 999 is divided by 20?
19
Calculate the remainder when 72 is divided by 23.
3
Calculate the remainder when 49 is divided by 13.
10
What is the remainder when 29398 is divided by 294?
292
Calculate the remainder when 250 is divided by 28.
26
What is the remainder when 791 is divided by 4?
3
What is the remainder when 74 is divided by 26?
22
Calculate the remainder when 334 is divided by 112.
110
What is the remainder when 138 is divided by 44?
6
Calculate the remainder when 40 is divided by 14.
12
What is the remainder when 492 is divided by 24?
12
What is the remainder when 166 is divided by 77?
12
Calculate the remainder when 102 is divided by 15.
12
What is the remainder when 5734 is divided by 5727?
7
Calculate the remainder when 69 is divided by 37.
32
What is the remainder when 140 is divided by 31?
16
Calculate the remainder when 475 is divided by 234.
7
Calculate the remainder when 2362 is divided by 79.
71
What is the remainder when 60 is divided by 25?
10
Calculate the remainder when 939 is divided by 311.
6
What is the remainder when 211 is divided by 50?
11
Calculate the remainder when 9221 is divided by 31.
14
Calculate the remainder when 207 is divided by 3.
0
Calculate the remainder when 1165 is divided by 106.
105
Calculate the remainder when 395 is divided by 101.
92
Calculate the remainder when 134 is divided by 6.
2
Calculate the remainder when 2872 is divided by 6.
4
What is the remainder when 76 is divided by 41?
35
What is the remainder when 966 is divided by 45?
21
What is the remainder when 418 is divided by 30?
28
Calculate the remainder when 707 is divided by 334.
39
Calculate the remainder when 224 is divided by 88.
48
What is the remainder when 9008 is divided by 34?
32
Calculate the remainder when 1809 is divided by 10.
9
Calculate the remainder when 158 is divided by 115.
43
What is the remainder when 95 is divided by 53?
42
Calculate the remainder when 285 is divided by 39.
12
Calculate the remainder when 929 is divided by 339.
251
Calculate the remainder when 1666 is divided by 210.
196
What is the remainder when 5663 is divided by 118?
117
What is the remainder when 1726 is divided by 36?
34
Calculate the remainder when 175 is divided by 33.
10
What is the remainder when 5573 is divided by 50?
23
What is the remainder when 1246 is divided by 249?
1
What is the remainder when 3098 is divided by 155?
153
Calculate the remainder when 183 is divided by 56.
15
Calculate the remainder when 81 is divided by 7.
4
What is the remainder when 206 is divided by 38?
16
Calculate the remainder when 680 is divided by 114.
110
Calculate the remainder when 7713 is divided by 266.
265
What is the remainder when 418 is divided by 15?
13
Calculate the remainder when 3532 is divided by 19.
17
Calculate the remainder when 438 is divided by 34.
30
Calculate the remainder when 96 is divided by 6.
0
What is the remainder when 1342 is divided by 38?
12
What is the remainder when 1920 is divided by 379?
25
Calculate the remainder when 2065 is divided by 13.
11
Calculate the remainder when 838 is divided by 140.
138
Calculate the remainder when 2791 is divided by 40.
31
What is the remainder when 4598 is divided by 107?
104
What is the remainder when 24 is divided by 3?
0
What is the remainder when 842 is divided by 55?
17
Calculate the remainder when 58 is divided by 3.
1
Calculate the remainder when 1685 is divided by 13.
8
Calculate the remainder when 275 is divided by 10.
5
Calculate the remainder when 463 is divided by 135.
58
Calculate the remainder when 87 is divided by 13.
9
What is the remainder when 780 is divided by 14?
10
What is the remainder when 1246 is divided by 48?
46
What is the remainder when 958 is divided by 74?
70
What is the remainder when 7272 is divided by 112?
104
Calculate the remainder when 741 is divided by 38.
19
Calculate the remainder when 84417 is divided by 45.
42
What is the remainder when 493 is divided by 50?
43
Calculate the remainder when 1587 is divided by 80.
67
What is the remainder when 5339 is divided by 1765?
44
Calculate the remainder when 1018 is divided by 10.
8
Calculate the remainder when 234 is divided by 17.
13
What is the remainder when 626 is divided by 76?
18
What is the remainder when 2015 is divided by 48?
47
Calculate the remainder when 1274 is divided by 71.
67
Calculate the remainder when 1150 is divided by 55.
50
What is the remainder when 136 is divided by 69?
67
Calculate the remainder when 373 is divided by 124.
1
Calculate the remainder when 1025 is divided by 147.
143
What is the remainder when 306 is divided by 97?
15
Calculate the remainder when 281 is divided by 17.
9
What is the remainder when 1289 is divided by 6?
5
Calculate the remainder when 408 is divided by 37.
1
What is the remainder when 230 is divided by 47?
42
Calculate the remainder when 176 is divided by 37.
28
What is the remainder when 345 is divided by 35?
30
Calculate the remainder when 338 is divided by 17.
15
Calculate the remainder when 128 is divided by 115.
13
What is the remainder when 15921 is divided by 1989?
9
Calculate the remainder when 736 is divided by 124.
116
What is the remainder when 359 is divided by 43?
15
What is the remainder when 985 is 